atest common divisor of 7574 and 126.
14
What is the greatest common divisor of 1102 and 66671?
551
Calculate the greatest common divisor of 8481 and 1285.
257
What is the highest common factor of 1108625 and 49?
49
What is the highest common divisor of 4657995 and 90?
45
Calculate the highest common divisor of 141553 and 2471.
353
What is the highest common divisor of 12925 and 1925?
275
What is the highest common divisor of 28 and 10766?
14
Calculate the highest common divisor of 37228 and 164.
164
Calculate the greatest common divisor of 46748 and 248.
124
What is the greatest common factor of 2120 and 61056?
424
What is the greatest common factor of 982822 and 118?
118
Calculate the highest common factor of 4643 and 21.
1
Calculate the highest common factor of 1035 and 122355.
45
Calculate the highest common divisor of 19 and 160189.
19
What is the greatest common divisor of 110060 and 4?
4
What is the highest common divisor of 13 and 280254?
13
Calculate the greatest common divisor of 450 and 11205.
45
What is the highest common divisor of 15625 and 73875?
125
What is the greatest common divisor of 25 and 59525?
25
What is the greatest common factor of 703 and 10619?
37
Calculate the highest common divisor of 4905 and 493443.
981
What is the highest common factor of 945 and 23590?
35
What is the highest common factor of 306 and 9367?
17
Calculate the greatest common factor of 221111 and 11.
11
What is the greatest common factor of 2708 and 144?
4
Calculate the greatest common factor of 24506 and 2.
2
Calculate the greatest common divisor of 20164 and 4.
4
Calculate the greatest common factor of 1955 and 2507.
23
What is the greatest common factor of 13419 and 22059?
27
Calculate the highest common factor of 3021 and 369039.
159
Calculate the greatest common divisor of 14 and 310828.
14
Calculate the highest common factor of 16 and 46876.
4
What is the highest common divisor of 136892 and 28?
28
Calculate the greatest common factor of 99029 and 658.
329
Calculate the greatest common divisor of 132 and 155958.
66
What is the greatest common divisor of 113592 and 24?
24
What is the greatest common divisor of 175 and 23?
1
What is the greatest common factor of 1364 and 884740?
124
What is the greatest common factor of 34278 and 174?
174
Calculate the highest common divisor of 696 and 1028224.
232
What is the greatest common divisor of 522 and 3426?
6
What is the highest common divisor of 7 and 6252?
1
What is the greatest common divisor of 22 and 2563?
11
What is the highest common factor of 12 and 58182?
6
Calculate the greatest common divisor of 265 and 797915.
265
Calculate the highest common factor of 22270 and 68.
34
Calculate the greatest common divisor of 1255 and 1004.
251
Calculate the greatest common factor of 2497 and 11.
11
What is the highest common divisor of 225 and 7775?
25
Calculate the highest common factor of 828564 and 132.
132
What is the highest common divisor of 58488 and 3144?
24
What is the greatest common factor of 536 and 79408?
8
What is the highest common divisor of 267 and 408?
3
Calculate the greatest common divisor of 53289 and 1116.
279
What is the highest common factor of 165755 and 40?
5
What is the highest common factor of 9350 and 946?
22
Calculate the highest common divisor of 9535575 and 861.
861
What is the highest common factor of 10232 and 76?
4
What is the highest common divisor of 10907 and 26848?
839
What is the greatest common divisor of 5 and 561885?
5
What is the highest common divisor of 72 and 65328?
24
What is the greatest common factor of 7 and 9190433?
7
Calculate the highest common factor of 6191 and 328.
41
What is the highest common divisor of 34049 and 3879?
431
What is the greatest common divisor of 231 and 13937?
77
Calculate the highest common factor of 1358906 and 394.
394
Calculate the greatest common factor of 589 and 19456.
19
Calculate the highest common factor of 690723 and 1287.
99
Calculate the highest common divisor of 943572 and 2632.
1316
Calculate the highest common factor of 14103 and 225.
9
Calculate the highest common factor of 34125 and 12.
3
What is the highest common factor of 4732 and 4437433?
1183
What is the greatest common factor of 63897 and 354?
177
Calculate the highest common divisor of 200313 and 2673.
81
Calculate the greatest common factor of 12 and 1095492.
12
What is the highest common factor of 390 and 75855?
195
What is the highest common divisor of 120652 and 36?
4
What is the greatest common divisor of 7616 and 5117?
119
Calculate the highest common factor of 547689 and 170.
17
Calculate the highest common divisor of 1761 and 14309886.
1761
Calculate the greatest common factor of 126 and 5691.
21
Calculate the highest common divisor of 22 and 152977.
11
Calculate the highest common divisor of 2572 and 780602.
1286
Calculate the greatest common factor of 5350 and 550.
50
Calculate the highest common divisor of 7491 and 65802.
33
What is the greatest common divisor of 27366 and 243?
3
What is the highest common divisor of 70844 and 8?
4
What is the greatest common divisor of 75 and 11190?
15
Calculate the highest common factor of 6507069 and 369.
123
What is the greatest common divisor of 177 and 21948?
177
Calculate the highest common factor of 425 and 12240.
85
What is the greatest common divisor of 280 and 11709740?
140
Calculate the greatest common divisor of 2562462 and 756.
378
Calculate the greatest common factor of 11 and 6527917.
11
Calculate the greatest common factor of 1216 and 3168.
32
Calculate the highest common factor of 1252090 and 434.
434
Calculate the highest common factor of 814033 and 946.
473
Calculate the greatest common divisor of 882 and 5400.
18
Calculate the highest common divisor of 654 and 79570.
218
Calculate the greatest common factor of 28268 and 296.
148
What is the highest common factor of 20 and 374940?
20
What is the greatest common divisor of 32761 and 181?
181
What is the greatest common divisor of 2112 and 3674?
22
What is the greatest common factor of 161460 and 3120?
780
What is the greatest common divisor of 39864 and 169724?
604
Calculate the highest common factor of 210 and 4130.
70
Calculate the greatest common factor of 487729 and 878.
439
Calculate the highest common factor of 232 and 271672.
232
What is the greatest common divisor of 117434 and 1562?
142
What is the greatest common divisor of 268 and 41406?
134
Calculate the highest common factor of 3091785 and 30.
15
Calculate the greatest common divisor of 1700 and 44081.
17
Calculate the greatest common divisor of 6236 and 262.
2
What is the highest common factor of 18170 and 5846?
158
What is the greatest common divisor of 28381 and 707?
101
Calculate the greatest common factor of 2555 and 2190.
365
Calculate the greatest common factor of 8 and 3688.
8
What is the highest common divisor of 300 and 1743750?
150
Calculate the greatest common divisor of 4219 and 2.
1
What is the highest common factor of 1004586 and 14322?
2046
Calculate the highest common factor of 1686372 and 1602.
534
What is the greatest common factor of 46 and 22241?
23
What is the highest common divisor of 12240 and 3000?
120
Calculate the highest common factor of 3328816 and 2368.
592
Calculate the greatest common divisor of 332 and 16268.
332
Calculate the highest common factor of 140 and 7721.
7
What is the greatest common divisor of 12 and 10929?
3
What is the highest common divisor of 79065 and 251?
251
Calculate the greatest common factor of 1558542 and 842.
842
What is the greatest common factor of 1140 and 633460?
380
Calculate the greatest common factor of 150 and 51550.
50
What is the highest common factor of 821 and 1329199?
821
Calculate the greatest common factor of 882 and 2499.
147
Calculate the greatest common factor of 20 and 12295.
5
What is the greatest common factor of 2382 and 6?
6
What is the highest common factor of 153465 and 1365?
195
What is the highest common factor of 2053734 and 1818?
606
Calculate the greatest common factor of 101153 and 26.
13
What is the highest common factor of 60712 and 80?
8
What is the highest common divisor of 5353 and 848?
53
What is the greatest common factor of 838470 and 15?
15
What is the highest common divisor of 216